 766 is divided by 59.
58
What is the remainder when 158 is divided by 16?
14
Calculate the remainder when 38 is divided by 6.
2
Calculate the remainder when 20314 is divided by 85.
84
Calculate the remainder when 70 is divided by 29.
12
Calculate the remainder when 305 is divided by 28.
25
Calculate the remainder when 1401 is divided by 182.
127
What is the remainder when 879 is divided by 17?
12
What is the remainder when 111 is divided by 71?
40
Calculate the remainder when 131 is divided by 60.
11
What is the remainder when 2291 is divided by 19?
11
What is the remainder when 16053 is divided by 19?
17
What is the remainder when 240 is divided by 11?
9
What is the remainder when 134 is divided by 43?
5
Calculate the remainder when 540 is divided by 170.
30
What is the remainder when 555 is divided by 72?
51
Calculate the remainder when 50 is divided by 17.
16
What is the remainder when 2321 is divided by 86?
85
What is the remainder when 1019 is divided by 85?
84
Calculate the remainder when 227 is divided by 61.
44
Calculate the remainder when 507 is divided by 256.
251
What is the remainder when 33570 is divided by 19?
16
What is the remainder when 2932 is divided by 2927?
5
Calculate the remainder when 412 is divided by 69.
67
Calculate the remainder when 492 is divided by 347.
145
What is the remainder when 19 is divided by 14?
5
Calculate the remainder when 94 is divided by 21.
10
What is the remainder when 753 is divided by 19?
12
Calculate the remainder when 14895 is divided by 382.
379
Calculate the remainder when 1036 is divided by 510.
16
What is the remainder when 142 is divided by 39?
25
Calculate the remainder when 5183 is divided by 24.
23
What is the remainder when 128 is divided by 34?
26
Calculate the remainder when 35 is divided by 6.
5
What is the remainder when 11397 is divided by 12?
9
Calculate the remainder when 10143 is divided by 19.
16
What is the remainder when 312 is divided by 67?
44
What is the remainder when 9955 is divided by 13?
10
What is the remainder when 538 is divided by 79?
64
Calculate the remainder when 116 is divided by 24.
20
Calculate the remainder when 164 is divided by 16.
4
Calculate the remainder when 218 is divided by 10.
8
What is the remainder when 65 is divided by 11?
10
What is the remainder when 15 is divided by 6?
3
What is the remainder when 802 is divided by 45?
37
Calculate the remainder when 4029 is divided by 402.
9
Calculate the remainder when 334 is divided by 86.
76
Calculate the remainder when 1413 is divided by 14.
13
Calculate the remainder when 1198 is divided by 25.
23
Calculate the remainder when 7006 is divided by 41.
36
Calculate the remainder when 800 is divided by 115.
110
Calculate the remainder when 121 is divided by 43.
35
What is the remainder when 142 is divided by 48?
46
What is the remainder when 763 is divided by 24?
19
Calculate the remainder when 77 is divided by 22.
11
Calculate the remainder when 1042 is divided by 43.
10
Calculate the remainder when 5580 is divided by 696.
12
Calculate the remainder when 94 is divided by 42.
10
What is the remainder when 59 is divided by 41?
18
What is the remainder when 299 is divided by 41?
12
Calculate the remainder when 206 is divided by 69.
68
What is the remainder when 101 is divided by 92?
9
What is the remainder when 82 is divided by 64?
18
What is the remainder when 139 is divided by 71?
68
What is the remainder when 1389 is divided by 12?
9
What is the remainder when 149 is divided by 6?
5
What is the remainder when 181 is divided by 23?
20
Calculate the remainder when 982 is divided by 55.
47
Calculate the remainder when 1521 is divided by 12.
9
Calculate the remainder when 14927 is divided by 57.
50
What is the remainder when 374 is divided by 21?
17
What is the remainder when 825 is divided by 118?
117
What is the remainder when 6379 is divided by 19?
14
What is the remainder when 406 is divided by 25?
6
Calculate the remainder when 352 is divided by 86.
8
What is the remainder when 553 is divided by 97?
68
Calculate the remainder when 90 is divided by 7.
6
Calculate the remainder when 14681 is divided by 11.
7
What is the remainder when 359 is divided by 36?
35
Calculate the remainder when 311 is divided by 63.
59
Calculate the remainder when 159 is divided by 15.
9
What is the remainder when 283 is divided by 86?
25
What is the remainder when 768 is divided by 384?
0
Calculate the remainder when 200 is divided by 67.
66
What is the remainder when 1036 is divided by 34?
16
What is the remainder when 163 is divided by 58?
47
Calculate the remainder when 205 is divided by 13.
10
Calculate the remainder when 350 is divided by 47.
21
Calculate the remainder when 83 is divided by 15.
8
What is the remainder when 943 is divided by 234?
7
What is the remainder when 1133 is divided by 17?
11
Calculate the remainder when 136 is divided by 23.
21
Calculate the remainder when 73 is divided by 23.
4
What is the remainder when 3054 is divided by 12?
6
Calculate the remainder when 61 is divided by 8.
5
Calculate the remainder when 8753 is divided by 199.
196
Calculate the remainder when 8810 is divided by 210.
200
Calculate the remainder when 454 is divided by 46.
40
What is the remainder when 44833 is divided by 29?
28
Calculate the remainder when 817 is divided by 10.
7
Calculate the remainder when 1501 is divided by 248.
13
What is the remainder when 675 is divided by 136?
131
What is the remainder when 434 is divided by 12?
2
Calculate the remainder when 163 is divided by 24.
19
Calculate the remainder when 8807 is divided by 89.
85
What is the remainder when 3292 is divided by 37?
36
What is the remainder when 4316 is divided by 120?
116
What is the remainder when 456 is divided by 59?
43
Calculate the remainder when 191 is divided by 121.
70
What is the remainder when 4838 is divided by 220?
218
Calculate the remainder when 1370 is divided by 28.
26
What is the remainder when 38176 is divided by 126?
124
Calculate the remainder when 2720 is divided by 119.
102
What is the remainder when 112 is divided by 9?
4
What is the remainder when 398 is divided by 50?
48
Calculate the remainder when 2204 is divided by 159.
137
Calculate the remainder when 190 is divided by 12.
10
What is the remainder when 83 is divided by 22?
17
Calculate the remainder when 227 is divided by 121.
106
What is the remainder when 30 is divided by 16?
14
What is the remainder when 357 is divided by 81?
33
Calculate the remainder when 234 is divided by 46.
4
What is the remainder when 700 is divided by 16?
12
What is the remainder when 112 is divided by 49?
14
What is the remainder when 21 is divided by 3?
0
What is the remainder when 1795 is divided by 27?
13
What is the remainder when 190 is divided by 6?
4
Calculate the remainder when 9 is divided by 1.
0
What is the remainder when 1334 is divided by 259?
39
What is the remainder when 292 is divided by 185?
107
Calculate the remainder when 60 is divided by 13.
8
Calculate the remainder when 141 is divided by 16.
13
Calculate the remainder when 5655 is divided by 82.
79
Calculate the remainder when 295 is divided by 138.
19
What is the remainder when 286 is divided by 49?
41
What is the remainder when 2277 is divided by 228?
225
Calculate the remainder when 78 is divided by 67.
11
Calculate the remainder when 1011 is divided by 98.
31
Calculate the remainder when 8311 is divided by 2766.
13
Calculate the remainder when 87 is divided by 24.
15
What is the remainder when 589 is divided by 6?
1
What is the remainder when 172 is divided by 46?
34
Calculate the remainder when 252 is divided by 117.
18
What is the remainder when 2463 is divided by 85?
83
Calculate the remainder when 38333 is divided by 85.
83
What is the remainder when 882 is divided by 110?
2
Calculate the remainder when 1360 is divided by 1333.
27
Calculate the remainder when 571 is divided by 3.
1
What is the remainder when 259 is divided by 29?
27
What is the remainder when 1042 is divided by 19?
16
What is the remainder when 1199 is divided by 29?
10
What is the remainder when 753 is divided by 27?
24
Calculate the remainder when 549 is divided by 150.
99
What is the remainder when 25 is divided by 18?
7
Calculate the remain